hat are the prime factors of (0 - n) + (-4 - -7)?
2, 7
Let v(m) = 7*m + 19. Let f(r) = 4*r + 9. Let k(z) = 5*f(z) - 3*v(z). Let c be k(-14). Suppose 2*a - c = 0, 2*a - 11 = -3*q + 3*a. List the prime factors of q.
2
Let t(a) = a**3 - 21*a**2 + 16*a - 106. What are the prime factors of t(21)?
2, 5, 23
Let h = -1 - -15. What are the prime factors of (-713)/(-5) - h/(-35)?
11, 13
Suppose -2*v + f + 1074 = 0, -2*v - v = 4*f - 1622. What are the prime factors of v?
2, 269
What are the prime factors of ((-1410)/(-7))/(43/602)?
2, 3, 5, 47
Let k(b) = b**3 - b**2 - b + 1. Let w be k(3). List the prime factors of (-4)/w - (-233)/4.
2, 29
Let d(v) = 7*v**2 - 3*v - 1. Let m(g) = 13*g**2 - 6*g - 2. Let o(p) = 5*d(p) - 3*m(p). Let k be o(3). Let b = k + 90. List the prime factors of b.
2
Let u = 474 - 269. List the prime factors of u.
5, 41
Suppose -c + 600 = 2*c. Let u = -138 + c. Suppose -3*z + 2*w + u = 7*w, -4*w = z - 16. What are the prime factors of z?
2, 3
Let t = 42 - -1. Suppose -50 = -5*f - 0*f - 4*q, -5*q + t = 3*f. Let m = f + 4. What are the prime factors of m?
2, 5
Let j(q) = -2*q + 485. List the prime factors of j(0).
5, 97
Let g(d) = d**3 - 8*d**2 + 11*d + 44. List the prime factors of g(8).
2, 3, 11
Suppose -3*u + 13 + 14 = 0. Suppose 0 = p + u*p - 230. What are the prime factors of p?
23
Let x = -9 - -13. Let g(c) = -x + 4 + 8*c + 2. What are the prime factors of g(6)?
2, 5
Suppose 5*m + 0*m = 4*o + 2409, -2*m = 3*o - 982. What are the prime factors of m?
5, 97
Let j(x) = 5*x - 10. Suppose 5*n - 36 = n. Suppose -c + n - 1 = 0. What are the prime factors of j(c)?
2, 3, 5
Suppose -3*h - 3*k + 879 = -0*k, 2*h + k - 587 = 0. List the prime factors of h.
2, 3, 7
What are the prime factors of 102 - 102 - 87/(-1)?
3, 29
Suppose 0*k - k = -5*a - 566, 2339 = 4*k + 5*a. What are the prime factors of k?
7, 83
Suppose 3*j - 40 = -q, 3*q - 8*q = j - 32. Let y(h) = h**2 - 11*h + 5. List the prime factors of y(j).
17
Suppose -4*k = -5*m - 31, m + 3*m = 5*k - 32. Suppose 12 = k*f + w, 5*w - 10 = -4*f + 2. What are the prime factors of 1/f*(5 - -226)?
7, 11
Let t(r) = -r**3 - 2 - 2 - 2*r**2 - 1 + 0*r - r. Let z(c) = 2*c - 19. Let q be z(8). What are the prime factors of t(q)?
7
Let r(p) = -36*p**2 + p + 2. Let z(i) = -2*i**2 - 16*i - 1. Let l be z(-8). Let o be r(l). Let t = 58 + o. List the prime factors of t.
23
Suppose -8*d + 3115 = -2909. What are the prime factors of d?
3, 251
Let x = -243 - -139. What are the prime factors of x*(21/(-6) - -2)/3?
2, 13
Let w be ((-29)/4)/(-1 + (-94)/(-96)). Let c = w + -108. List the prime factors of c.
2, 3, 5
Let i = 10 + -7. Suppose 0*o = i*o + 144. Let b = o - -75. What are the prime factors of b?
3
Let f be (0/(6/3))/((-4)/(-4)). Suppose -8*z + 187 + 61 = f. What are the prime factors of z?
31
Let v = 476 + -427. List the prime factors of v.
7
Suppose -t = 4*h - 63 - 318, -5*h = -t + 336. List the prime factors of t.
19
Let z be (-192)/(-4)*3/4. Let r(q) = -12*q**3 - q**2 + 2*q. Let t be r(-2). Suppose o = -3*w + z, 2*o - w - t = w. List the prime factors of o.
2, 3, 7
Suppose -12 = -2*m - 3*k, 4*m - 2*k = 2*m + 32. Suppose -n = 2*n - m. Suppose -3*x = 4*d - 57, n*d + 0*x + 2*x - 62 = 0. List the prime factors of d.
2, 3
Suppose -46 = -3*h + 2*x + 52, 2*x - 142 = -5*h. Let c = h - -33. List the prime factors of c.
3, 7
Suppose -10*t - 373 = -25633. What are the prime factors of t?
2, 3, 421
Let r(v) = -v**3 + 19*v**2 - 40*v + 4. Suppose 4*h - 19 = 45. What are the prime factors of r(h)?
2, 3, 11
Suppose -4*c + 5*t = -216, -2*t - 204 = -4*c - 0*t. Let f = c + -24. List the prime factors of f.
5
Let l(t) = -910*t + 5. List the prime factors of l(-1).
3, 5, 61
Let n = -15 - -19. Suppose n*b = -q + 28, 5*q - 99 - 85 = 2*b. List the prime factors of q.
2, 3
Let l(o) = 955*o**2 - 2*o - 2. What are the prime factors of l(-1)?
5, 191
Suppose -1274 = -13*t + 11*t. What are the prime factors of t?
7, 13
Let u(l) = 96*l**2 + 5*l + 19. What are the prime factors of u(-4)?
5, 307
Suppose -3*k - 15 = -4*z, -5*z + 39 = 4*k - k. Let x(w) = -2*w**2 - 46*w - 48. Let t be x(-22). List the prime factors of t + (47 - (z + -2)).
3, 13
Let r = 19 + -17. Suppose 0 = 4*n + p - 250, -r*p + 119 + 133 = 4*n. List the prime factors of n.
2, 31
List the prime factors of ((-100)/(-6))/(-8*(-1)/1164).
5, 97
Suppose p + 7 = -m, -3*p + 26 = -6*p - 4*m. Let v be 3*-1*p/(-2). What are the prime factors of (2 - 8)/(v/8)?
2
Let u(l) = l**3 + 6*l**2 + 5*l - 4. Suppose 4*c + 2*z = -2*z, 5*z - 15 = 0. Let q be u(c). Suppose m - 60 = q. What are the prime factors of m?
2, 17
Suppose -o - k + 4*k = -2177, -6561 = -3*o + 3*k. List the prime factors of o.
2, 137
Let f(q) = 4*q**2 - q + 23*q**2 + 32*q**2 + 2*q. List the prime factors of f(-1).
2, 29
Suppose -5*z - 2*v + 301 = 0, 175 = z + 2*z + 4*v. Let a = z - 37. Suppose -i - 6 = -r + 2*i, -4*r = i - a. What are the prime factors of r?
2, 3
Let q = -19 - -261. What are the prime factors of q?
2, 11
Suppose 19*d + 9*d - 34020 = 0. What are the prime factors of d?
3, 5
Let f(b) = -9*b + 0 + 6*b + 3*b**2 - 5. Let y be f(5). Let j = 83 - y. List the prime factors of j.
2, 7
List the prime factors of 17/102 - (-9083)/6.
2, 757
Let i be (-9)/(-2)*(-1 + -1). Let y be (-1 - -1)/(i/3). What are the prime factors of 24/2 + (y - -4)?
2
Let y = 5871 + -2224. List the prime factors of y.
7, 521
Let j(v) = -12 + v + 12. Let h be j(2). What are the prime factors of (h/(-4))/(1/(-30))?
3, 5
Let v be (-2108)/24 + (-2)/12. Let z = v + 175. List the prime factors of z.
3, 29
Suppose 67*l - 53*l - 2926 = 0. List the prime factors of l.
11, 19
Let y = -53 + 723. List the prime factors of y.
2, 5, 67
List the prime factors of (3 - -3) + -3 - (-750 - -1).
2, 47
Let i be 6/(3 + (-9)/2). Let s = i - -9. Suppose -q + 19 = h, h - 5*q = s*h - 75. List the prime factors of h.
2, 5
Let o = 140 + -269. Let x = 181 + o. What are the prime factors of x?
2, 13
Suppose 0 = -4*o + o - 3*y - 141, -4*y = -o - 32. Let t = o - -74. What are the prime factors of t?
2, 3, 5
Suppose -q + 31 = -5*r, 3*r + 2*r = -4*q + 24. Suppose -3*a + k = -0*a - 1, q = a - 3*k. What are the prime factors of -1 + (23 - -2) + a?
23
Let a(x) be the third derivative of x**5/20 + 7*x**4/8 + 5*x**3/6 - 11*x**2. What are the prime factors of a(-10)?
5, 19
Suppose -4*x + x + 5*m = -35, 5*x + 5*m - 5 = 0. Suppose -r = -1, 4*r = -0*v + x*v - 96. What are the prime factors of v?
2, 5
Suppose g - 3*g = 0. Suppose 4*m + 5*a - 87 = g, -5*m - 3*a - 48 + 160 = 0. What are the prime factors of m?
23
Suppose -5*z + 97 + 111 = 3*g, -z = 4*g - 283. Let o = g + -48. What are the prime factors of o?
23
Suppose -s - 13 + 9 = 0. Let v = -2 - s. Suppose 3*l - 5 = v*l. List the prime factors of l.
5
Suppose 3*l = -3*c + 84, -9*c + 12 = l - 4*c. Let r = -10 + l. What are the prime factors of r?
2, 11
Let l = -1671 + 2831. List the prime factors of l.
2, 5, 29
Let g be (0 - -1)*(-28 - -31). List the prime factors of 6/(-14) - 6685/(-147)*g.
2, 17
Let v = -2330 - -4307. List the prime factors of v.
3, 659
Suppose -b - 4753 = -4*g, 2*g + 63*b - 59*b = 2354. List the prime factors of g.
1187
Let y(g) = 0*g + 123*g**3 - g - 14*g**3. What are the prime factors of y(1)?
2, 3
Suppose 0 = 11*g - 9*g - 8. Suppose 2*v = g*v - 140. List the prime factors of v.
2, 5, 7
Let n = -4 - -17. Let j = n + -10. Suppose j*m + 0*m = 75. What are the prime factors of m?
5
Let m(b) = 2*b - 17. Let l be m(17). Suppose l*n - 13*n = 112. List the prime factors of n.
2, 7
Let y = 101 + -158. What are the prime factors of (28/21)/((-2)/y)?
2, 19
Let h(v) be the first derivative of v**3 - 2*v**2 + 8*v - 11. List the prime factors of h(5).
3, 7
Let c be 4/(-10) - (11718/(-10))/(-3). Let m = -223 - c. List the prime factors of m.
2, 3, 7
Let y be (3/6)/(2/8). Let a = y + 55. List the prime factors of a.
3, 19
Let p(m) = m**3 + 7*m**2. Let t be p(-7). Let s be 4 - 2*(-41)/1. Suppose t*x + 2*x - s = 0. List the prime factors of x.
43
Suppose q = -2*w, -4 = -2*w - 2*w - 3*q. Let a(r) = -13*r - 1. What are the prime factors of a(w)?
5
Suppose d - 6*d + 5 = 0. What are the prime factors of ((-1970)/5)/(-2)*d?
197
Let j = 370 + 1067. What are the prime factors of j?
3, 479
Let q be (6/(-5))/((2/5)/1). What are the prime fa